{"id":20,"date":"2021-04-30T18:52:14","date_gmt":"2021-04-30T16:52:14","guid":{"rendered":"https:\/\/mikheil-chikhladze.de\/?page_id=20"},"modified":"2021-06-18T15:07:02","modified_gmt":"2021-06-18T13:07:02","slug":"news","status":"publish","type":"page","link":"https:\/\/mikheil-chikhladze.de\/?page_id=20","title":{"rendered":"NEWS"},"content":{"rendered":"<p><strong>Vorwort<\/strong><\/p>\n<p>In den Arbeiten von Mikheil Chikhladze werden dem Betrachter die Sujets einmal mit deutlich figurativerer Formensprache und fl\u00e4chiger gestaltetem Bildraum pr\u00e4sentiert. Zum Anderen finden sich wieder fragmentarische Elemente in der malerischen Komposition. Muten \u201eBanale basics\u201c oder \u201e Mit Koffein \u201c auf den ersten Blick wie romantisierende Landschaftsdarstellungen an, sind die Personengruppen im Kontrast dazu unheimlich oder wie Fremdk\u00f6rper in den Vordergrund gestellt. Betrachten die Anzugm\u00e4nner im Wasser eine auf dem R\u00fccken im Wasser liegende Schwimmerin oder eine Tote, die es zu bergen gilt? Sicherheitshalber tr\u00e4gt einer von ihnen Schwimmfl\u00fcgel. Gibt die im Schutzanzug angedeutete Gasmaske Hinweis auf die Untersuchung eines von einem Wasserfall gespeisten (verseuchten) Sees? Lassen \u201ePers\u00f6nliche Daten\u201c, schweigend, rauchend, sprechend und hinaus gehend in drei-\/vierfacher Sequenz vor einem urbanen Hintergrund am unteren Drittel des Bildrandes R\u00fcckschl\u00fcsse auf den K\u00fcnstler zu? Demgegen\u00fcber hat in \u201eDownload\u201c ein Gesichtsloser (s)einen Schweinekopf auf dem Schoss. \u201eUnbemannte Kunstk\u00f6rper\u201c und \u201eZur\u00fcckhaltend\u201c greifen Elemente \u00e4lterer Arbeiten in Variation auf: Durch \u00dcbermalungen bewegen sich die Fl\u00e4chen rhythmisch, der obere Teil der \u201eKunstk\u00f6rper\u201c ist in konstruktiver Intention ausgef\u00fchrt. Offen bleibt das Geschlecht vor einer Fantasielandschaft. \u201eExit\u201c schlie\u00dflich vereint Monochromie mit \u201eAusblick\u201c und darauf gesetzten Partien in einer aus dem Bild f\u00fchrenden, Perspektive gebenden Stra\u00dfe.<br \/>\nDas Werk von Mikheil Chikhladze ist in st\u00e4ndiger Bewegung. Irritierend bleibt seine Narration.<\/p>\n<p>Katharina Oesterreicher<\/p>\n<p><!-- default-view.php -->\n<div\n\tclass=\"ngg-galleryoverview default-view \n\t\t\"\n\tid=\"ngg-gallery-f1fb669e1edc1c99fbbfc96ee4f796f9-1\">\n\n\t\t<!-- Thumbnails -->\n\t\t\t\t<div id=\"ngg-image-0\" class=\"ngg-gallery-thumbnail-box \n\t\t\t\t\t\t\t\tngg-4-columns\t\t\t\" \n\t\t\t>\n\t\t\t\t\t\t<div class=\"ngg-gallery-thumbnail\">\n\t\t\t<a href=\"https:\/\/mikheil-chikhladze.de\/wp-content\/gallery\/news1\/news1.jpeg\"\n\t\t\t\ttitle=\"\"\n\t\t\t\tdata-src=\"https:\/\/mikheil-chikhladze.de\/wp-content\/gallery\/news1\/news1.jpeg\"\n\t\t\t\tdata-thumbnail=\"https:\/\/mikheil-chikhladze.de\/wp-content\/gallery\/news1\/thumbs\/thumbs_news1.jpeg\"\n\t\t\t\tdata-image-id=\"9\"\n\t\t\t\tdata-title=\"news1\"\n\t\t\t\tdata-description=\"\"\n\t\t\t\tdata-image-slug=\"news1\"\n\t\t\t\tclass=\"ngg-simplelightbox\" rel=\"f1fb669e1edc1c99fbbfc96ee4f796f9\">\n\t\t\t\t<img\n\t\t\t\t\ttitle=\"news1\"\n\t\t\t\t\talt=\"news1\"\n\t\t\t\t\tsrc=\"https:\/\/mikheil-chikhladze.de\/wp-content\/gallery\/news1\/thumbs\/thumbs_news1.jpeg\"\n\t\t\t\t\twidth=\"240\"\n\t\t\t\t\theight=\"160\"\n\t\t\t\t\tstyle=\"max-width:100%;\"\n\t\t\t\t\/>\n\t\t\t<\/a>\n\t\t<\/div>\n\t\t\t\t\t\t\t<\/div> \n\t\t\t\n\t\t\t\t<div id=\"ngg-image-1\" class=\"ngg-gallery-thumbnail-box \n\t\t\t\t\t\t\t\tngg-4-columns\t\t\t\" \n\t\t\t>\n\t\t\t\t\t\t<div class=\"ngg-gallery-thumbnail\">\n\t\t\t<a href=\"https:\/\/mikheil-chikhladze.de\/wp-content\/gallery\/news1\/news2.jpeg\"\n\t\t\t\ttitle=\"\"\n\t\t\t\tdata-src=\"https:\/\/mikheil-chikhladze.de\/wp-content\/gallery\/news1\/news2.jpeg\"\n\t\t\t\tdata-thumbnail=\"https:\/\/mikheil-chikhladze.de\/wp-content\/gallery\/news1\/thumbs\/thumbs_news2.jpeg\"\n\t\t\t\tdata-image-id=\"3\"\n\t\t\t\tdata-title=\"news2\"\n\t\t\t\tdata-description=\"\"\n\t\t\t\tdata-image-slug=\"news2\"\n\t\t\t\tclass=\"ngg-simplelightbox\" rel=\"f1fb669e1edc1c99fbbfc96ee4f796f9\">\n\t\t\t\t<img\n\t\t\t\t\ttitle=\"news2\"\n\t\t\t\t\talt=\"news2\"\n\t\t\t\t\tsrc=\"https:\/\/mikheil-chikhladze.de\/wp-content\/gallery\/news1\/thumbs\/thumbs_news2.jpeg\"\n\t\t\t\t\twidth=\"240\"\n\t\t\t\t\theight=\"160\"\n\t\t\t\t\tstyle=\"max-width:100%;\"\n\t\t\t\t\/>\n\t\t\t<\/a>\n\t\t<\/div>\n\t\t\t\t\t\t\t<\/div> \n\t\t\t\n\t\t\t\t<div id=\"ngg-image-2\" class=\"ngg-gallery-thumbnail-box \n\t\t\t\t\t\t\t\tngg-4-columns\t\t\t\" \n\t\t\t>\n\t\t\t\t\t\t<div class=\"ngg-gallery-thumbnail\">\n\t\t\t<a href=\"https:\/\/mikheil-chikhladze.de\/wp-content\/gallery\/news1\/news3.jpeg\"\n\t\t\t\ttitle=\"\"\n\t\t\t\tdata-src=\"https:\/\/mikheil-chikhladze.de\/wp-content\/gallery\/news1\/news3.jpeg\"\n\t\t\t\tdata-thumbnail=\"https:\/\/mikheil-chikhladze.de\/wp-content\/gallery\/news1\/thumbs\/thumbs_news3.jpeg\"\n\t\t\t\tdata-image-id=\"1\"\n\t\t\t\tdata-title=\"news3\"\n\t\t\t\tdata-description=\"\"\n\t\t\t\tdata-image-slug=\"news3\"\n\t\t\t\tclass=\"ngg-simplelightbox\" rel=\"f1fb669e1edc1c99fbbfc96ee4f796f9\">\n\t\t\t\t<img\n\t\t\t\t\ttitle=\"news3\"\n\t\t\t\t\talt=\"news3\"\n\t\t\t\t\tsrc=\"https:\/\/mikheil-chikhladze.de\/wp-content\/gallery\/news1\/thumbs\/thumbs_news3.jpeg\"\n\t\t\t\t\twidth=\"240\"\n\t\t\t\t\theight=\"160\"\n\t\t\t\t\tstyle=\"max-width:100%;\"\n\t\t\t\t\/>\n\t\t\t<\/a>\n\t\t<\/div>\n\t\t\t\t\t\t\t<\/div> \n\t\t\t\n\t\t\t\t<div id=\"ngg-image-3\" class=\"ngg-gallery-thumbnail-box \n\t\t\t\t\t\t\t\tngg-4-columns\t\t\t\" \n\t\t\t>\n\t\t\t\t\t\t<div class=\"ngg-gallery-thumbnail\">\n\t\t\t<a href=\"https:\/\/mikheil-chikhladze.de\/wp-content\/gallery\/news1\/news4.jpeg\"\n\t\t\t\ttitle=\"\"\n\t\t\t\tdata-src=\"https:\/\/mikheil-chikhladze.de\/wp-content\/gallery\/news1\/news4.jpeg\"\n\t\t\t\tdata-thumbnail=\"https:\/\/mikheil-chikhladze.de\/wp-content\/gallery\/news1\/thumbs\/thumbs_news4.jpeg\"\n\t\t\t\tdata-image-id=\"11\"\n\t\t\t\tdata-title=\"news4\"\n\t\t\t\tdata-description=\"\"\n\t\t\t\tdata-image-slug=\"news4\"\n\t\t\t\tclass=\"ngg-simplelightbox\" rel=\"f1fb669e1edc1c99fbbfc96ee4f796f9\">\n\t\t\t\t<img\n\t\t\t\t\ttitle=\"news4\"\n\t\t\t\t\talt=\"news4\"\n\t\t\t\t\tsrc=\"https:\/\/mikheil-chikhladze.de\/wp-content\/gallery\/news1\/thumbs\/thumbs_news4.jpeg\"\n\t\t\t\t\twidth=\"240\"\n\t\t\t\t\theight=\"160\"\n\t\t\t\t\tstyle=\"max-width:100%;\"\n\t\t\t\t\/>\n\t\t\t<\/a>\n\t\t<\/div>\n\t\t\t\t\t\t\t<\/div> \n\t\t\t\n\t\t\t\t<div id=\"ngg-image-4\" class=\"ngg-gallery-thumbnail-box \n\t\t\t\t\t\t\t\tngg-4-columns\t\t\t\" \n\t\t\t>\n\t\t\t\t\t\t<div class=\"ngg-gallery-thumbnail\">\n\t\t\t<a href=\"https:\/\/mikheil-chikhladze.de\/wp-content\/gallery\/news1\/news5.jpeg\"\n\t\t\t\ttitle=\"\"\n\t\t\t\tdata-src=\"https:\/\/mikheil-chikhladze.de\/wp-content\/gallery\/news1\/news5.jpeg\"\n\t\t\t\tdata-thumbnail=\"https:\/\/mikheil-chikhladze.de\/wp-content\/gallery\/news1\/thumbs\/thumbs_news5.jpeg\"\n\t\t\t\tdata-image-id=\"12\"\n\t\t\t\tdata-title=\"news5\"\n\t\t\t\tdata-description=\"\"\n\t\t\t\tdata-image-slug=\"news5\"\n\t\t\t\tclass=\"ngg-simplelightbox\" rel=\"f1fb669e1edc1c99fbbfc96ee4f796f9\">\n\t\t\t\t<img\n\t\t\t\t\ttitle=\"news5\"\n\t\t\t\t\talt=\"news5\"\n\t\t\t\t\tsrc=\"https:\/\/mikheil-chikhladze.de\/wp-content\/gallery\/news1\/thumbs\/thumbs_news5.jpeg\"\n\t\t\t\t\twidth=\"240\"\n\t\t\t\t\theight=\"160\"\n\t\t\t\t\tstyle=\"max-width:100%;\"\n\t\t\t\t\/>\n\t\t\t<\/a>\n\t\t<\/div>\n\t\t\t\t\t\t\t<\/div> \n\t\t\t\n\t\t\t\t<div id=\"ngg-image-5\" class=\"ngg-gallery-thumbnail-box \n\t\t\t\t\t\t\t\tngg-4-columns\t\t\t\" \n\t\t\t>\n\t\t\t\t\t\t<div class=\"ngg-gallery-thumbnail\">\n\t\t\t<a href=\"https:\/\/mikheil-chikhladze.de\/wp-content\/gallery\/news1\/thumbnail-9.jpeg\"\n\t\t\t\ttitle=\"\"\n\t\t\t\tdata-src=\"https:\/\/mikheil-chikhladze.de\/wp-content\/gallery\/news1\/thumbnail-9.jpeg\"\n\t\t\t\tdata-thumbnail=\"https:\/\/mikheil-chikhladze.de\/wp-content\/gallery\/news1\/thumbs\/thumbs_thumbnail-9.jpeg\"\n\t\t\t\tdata-image-id=\"4\"\n\t\t\t\tdata-title=\"thumbnail-9\"\n\t\t\t\tdata-description=\"\"\n\t\t\t\tdata-image-slug=\"thumbnail-9\"\n\t\t\t\tclass=\"ngg-simplelightbox\" rel=\"f1fb669e1edc1c99fbbfc96ee4f796f9\">\n\t\t\t\t<img\n\t\t\t\t\ttitle=\"thumbnail-9\"\n\t\t\t\t\talt=\"thumbnail-9\"\n\t\t\t\t\tsrc=\"https:\/\/mikheil-chikhladze.de\/wp-content\/gallery\/news1\/thumbs\/thumbs_thumbnail-9.jpeg\"\n\t\t\t\t\twidth=\"240\"\n\t\t\t\t\theight=\"160\"\n\t\t\t\t\tstyle=\"max-width:100%;\"\n\t\t\t\t\/>\n\t\t\t<\/a>\n\t\t<\/div>\n\t\t\t\t\t\t\t<\/div> \n\t\t\t\n\t\t\t\t<div id=\"ngg-image-6\" class=\"ngg-gallery-thumbnail-box \n\t\t\t\t\t\t\t\tngg-4-columns\t\t\t\" \n\t\t\t>\n\t\t\t\t\t\t<div class=\"ngg-gallery-thumbnail\">\n\t\t\t<a href=\"https:\/\/mikheil-chikhladze.de\/wp-content\/gallery\/news1\/thumbnail-6.jpeg\"\n\t\t\t\ttitle=\"\"\n\t\t\t\tdata-src=\"https:\/\/mikheil-chikhladze.de\/wp-content\/gallery\/news1\/thumbnail-6.jpeg\"\n\t\t\t\tdata-thumbnail=\"https:\/\/mikheil-chikhladze.de\/wp-content\/gallery\/news1\/thumbs\/thumbs_thumbnail-6.jpeg\"\n\t\t\t\tdata-image-id=\"2\"\n\t\t\t\tdata-title=\"thumbnail-6\"\n\t\t\t\tdata-description=\"\"\n\t\t\t\tdata-image-slug=\"thumbnail-6\"\n\t\t\t\tclass=\"ngg-simplelightbox\" rel=\"f1fb669e1edc1c99fbbfc96ee4f796f9\">\n\t\t\t\t<img\n\t\t\t\t\ttitle=\"thumbnail-6\"\n\t\t\t\t\talt=\"thumbnail-6\"\n\t\t\t\t\tsrc=\"https:\/\/mikheil-chikhladze.de\/wp-content\/gallery\/news1\/thumbs\/thumbs_thumbnail-6.jpeg\"\n\t\t\t\t\twidth=\"240\"\n\t\t\t\t\theight=\"160\"\n\t\t\t\t\tstyle=\"max-width:100%;\"\n\t\t\t\t\/>\n\t\t\t<\/a>\n\t\t<\/div>\n\t\t\t\t\t\t\t<\/div> \n\t\t\t\n\t\t\t\t<div id=\"ngg-image-7\" class=\"ngg-gallery-thumbnail-box \n\t\t\t\t\t\t\t\tngg-4-columns\t\t\t\" \n\t\t\t>\n\t\t\t\t\t\t<div class=\"ngg-gallery-thumbnail\">\n\t\t\t<a href=\"https:\/\/mikheil-chikhladze.de\/wp-content\/gallery\/news1\/thumbnail-10.jpeg\"\n\t\t\t\ttitle=\"\"\n\t\t\t\tdata-src=\"https:\/\/mikheil-chikhladze.de\/wp-content\/gallery\/news1\/thumbnail-10.jpeg\"\n\t\t\t\tdata-thumbnail=\"https:\/\/mikheil-chikhladze.de\/wp-content\/gallery\/news1\/thumbs\/thumbs_thumbnail-10.jpeg\"\n\t\t\t\tdata-image-id=\"5\"\n\t\t\t\tdata-title=\"thumbnail-10\"\n\t\t\t\tdata-description=\"\"\n\t\t\t\tdata-image-slug=\"thumbnail-10\"\n\t\t\t\tclass=\"ngg-simplelightbox\" rel=\"f1fb669e1edc1c99fbbfc96ee4f796f9\">\n\t\t\t\t<img\n\t\t\t\t\ttitle=\"thumbnail-10\"\n\t\t\t\t\talt=\"thumbnail-10\"\n\t\t\t\t\tsrc=\"https:\/\/mikheil-chikhladze.de\/wp-content\/gallery\/news1\/thumbs\/thumbs_thumbnail-10.jpeg\"\n\t\t\t\t\twidth=\"240\"\n\t\t\t\t\theight=\"160\"\n\t\t\t\t\tstyle=\"max-width:100%;\"\n\t\t\t\t\/>\n\t\t\t<\/a>\n\t\t<\/div>\n\t\t\t\t\t\t\t<\/div> \n\t\t\t\n\t\t\t\t<div id=\"ngg-image-8\" class=\"ngg-gallery-thumbnail-box \n\t\t\t\t\t\t\t\tngg-4-columns\t\t\t\" \n\t\t\t>\n\t\t\t\t\t\t<div class=\"ngg-gallery-thumbnail\">\n\t\t\t<a href=\"https:\/\/mikheil-chikhladze.de\/wp-content\/gallery\/news1\/thumbnail-12.jpeg\"\n\t\t\t\ttitle=\"\"\n\t\t\t\tdata-src=\"https:\/\/mikheil-chikhladze.de\/wp-content\/gallery\/news1\/thumbnail-12.jpeg\"\n\t\t\t\tdata-thumbnail=\"https:\/\/mikheil-chikhladze.de\/wp-content\/gallery\/news1\/thumbs\/thumbs_thumbnail-12.jpeg\"\n\t\t\t\tdata-image-id=\"6\"\n\t\t\t\tdata-title=\"thumbnail-12\"\n\t\t\t\tdata-description=\"\"\n\t\t\t\tdata-image-slug=\"thumbnail-12\"\n\t\t\t\tclass=\"ngg-simplelightbox\" rel=\"f1fb669e1edc1c99fbbfc96ee4f796f9\">\n\t\t\t\t<img\n\t\t\t\t\ttitle=\"thumbnail-12\"\n\t\t\t\t\talt=\"thumbnail-12\"\n\t\t\t\t\tsrc=\"https:\/\/mikheil-chikhladze.de\/wp-content\/gallery\/news1\/thumbs\/thumbs_thumbnail-12.jpeg\"\n\t\t\t\t\twidth=\"240\"\n\t\t\t\t\theight=\"160\"\n\t\t\t\t\tstyle=\"max-width:100%;\"\n\t\t\t\t\/>\n\t\t\t<\/a>\n\t\t<\/div>\n\t\t\t\t\t\t\t<\/div> \n\t\t\t\n\t\t\t\t<div id=\"ngg-image-9\" class=\"ngg-gallery-thumbnail-box \n\t\t\t\t\t\t\t\tngg-4-columns\t\t\t\" \n\t\t\t>\n\t\t\t\t\t\t<div class=\"ngg-gallery-thumbnail\">\n\t\t\t<a href=\"https:\/\/mikheil-chikhladze.de\/wp-content\/gallery\/news1\/thumbnail-13.jpeg\"\n\t\t\t\ttitle=\"\"\n\t\t\t\tdata-src=\"https:\/\/mikheil-chikhladze.de\/wp-content\/gallery\/news1\/thumbnail-13.jpeg\"\n\t\t\t\tdata-thumbnail=\"https:\/\/mikheil-chikhladze.de\/wp-content\/gallery\/news1\/thumbs\/thumbs_thumbnail-13.jpeg\"\n\t\t\t\tdata-image-id=\"7\"\n\t\t\t\tdata-title=\"thumbnail-13\"\n\t\t\t\tdata-description=\"\"\n\t\t\t\tdata-image-slug=\"thumbnail-13\"\n\t\t\t\tclass=\"ngg-simplelightbox\" rel=\"f1fb669e1edc1c99fbbfc96ee4f796f9\">\n\t\t\t\t<img\n\t\t\t\t\ttitle=\"thumbnail-13\"\n\t\t\t\t\talt=\"thumbnail-13\"\n\t\t\t\t\tsrc=\"https:\/\/mikheil-chikhladze.de\/wp-content\/gallery\/news1\/thumbs\/thumbs_thumbnail-13.jpeg\"\n\t\t\t\t\twidth=\"240\"\n\t\t\t\t\theight=\"160\"\n\t\t\t\t\tstyle=\"max-width:100%;\"\n\t\t\t\t\/>\n\t\t\t<\/a>\n\t\t<\/div>\n\t\t\t\t\t\t\t<\/div> \n\t\t\t\n\t\t\t\t<div id=\"ngg-image-10\" class=\"ngg-gallery-thumbnail-box \n\t\t\t\t\t\t\t\tngg-4-columns\t\t\t\" \n\t\t\t>\n\t\t\t\t\t\t<div class=\"ngg-gallery-thumbnail\">\n\t\t\t<a href=\"https:\/\/mikheil-chikhladze.de\/wp-content\/gallery\/news1\/thumbnail-14.jpeg\"\n\t\t\t\ttitle=\"\"\n\t\t\t\tdata-src=\"https:\/\/mikheil-chikhladze.de\/wp-content\/gallery\/news1\/thumbnail-14.jpeg\"\n\t\t\t\tdata-thumbnail=\"https:\/\/mikheil-chikhladze.de\/wp-content\/gallery\/news1\/thumbs\/thumbs_thumbnail-14.jpeg\"\n\t\t\t\tdata-image-id=\"8\"\n\t\t\t\tdata-title=\"thumbnail-14\"\n\t\t\t\tdata-description=\"\"\n\t\t\t\tdata-image-slug=\"thumbnail-14\"\n\t\t\t\tclass=\"ngg-simplelightbox\" rel=\"f1fb669e1edc1c99fbbfc96ee4f796f9\">\n\t\t\t\t<img\n\t\t\t\t\ttitle=\"thumbnail-14\"\n\t\t\t\t\talt=\"thumbnail-14\"\n\t\t\t\t\tsrc=\"https:\/\/mikheil-chikhladze.de\/wp-content\/gallery\/news1\/thumbs\/thumbs_thumbnail-14.jpeg\"\n\t\t\t\t\twidth=\"240\"\n\t\t\t\t\theight=\"160\"\n\t\t\t\t\tstyle=\"max-width:100%;\"\n\t\t\t\t\/>\n\t\t\t<\/a>\n\t\t<\/div>\n\t\t\t\t\t\t\t<\/div> \n\t\t\t\n\t\t\t\t<div id=\"ngg-image-11\" class=\"ngg-gallery-thumbnail-box \n\t\t\t\t\t\t\t\tngg-4-columns\t\t\t\" \n\t\t\t>\n\t\t\t\t\t\t<div class=\"ngg-gallery-thumbnail\">\n\t\t\t<a href=\"https:\/\/mikheil-chikhladze.de\/wp-content\/gallery\/news1\/thumbnail-16.jpeg\"\n\t\t\t\ttitle=\"\"\n\t\t\t\tdata-src=\"https:\/\/mikheil-chikhladze.de\/wp-content\/gallery\/news1\/thumbnail-16.jpeg\"\n\t\t\t\tdata-thumbnail=\"https:\/\/mikheil-chikhladze.de\/wp-content\/gallery\/news1\/thumbs\/thumbs_thumbnail-16.jpeg\"\n\t\t\t\tdata-image-id=\"10\"\n\t\t\t\tdata-title=\"thumbnail-16\"\n\t\t\t\tdata-description=\"\"\n\t\t\t\tdata-image-slug=\"thumbnail-16\"\n\t\t\t\tclass=\"ngg-simplelightbox\" rel=\"f1fb669e1edc1c99fbbfc96ee4f796f9\">\n\t\t\t\t<img\n\t\t\t\t\ttitle=\"thumbnail-16\"\n\t\t\t\t\talt=\"thumbnail-16\"\n\t\t\t\t\tsrc=\"https:\/\/mikheil-chikhladze.de\/wp-content\/gallery\/news1\/thumbs\/thumbs_thumbnail-16.jpeg\"\n\t\t\t\t\twidth=\"240\"\n\t\t\t\t\theight=\"160\"\n\t\t\t\t\tstyle=\"max-width:100%;\"\n\t\t\t\t\/>\n\t\t\t<\/a>\n\t\t<\/div>\n\t\t\t\t\t\t\t<\/div> \n\t\t\t\n\t\t\t\t<div id=\"ngg-image-12\" class=\"ngg-gallery-thumbnail-box \n\t\t\t\t\t\t\t\tngg-4-columns\t\t\t\" \n\t\t\t>\n\t\t\t\t\t\t<div class=\"ngg-gallery-thumbnail\">\n\t\t\t<a href=\"https:\/\/mikheil-chikhladze.de\/wp-content\/gallery\/news1\/thumbnail-19.jpeg\"\n\t\t\t\ttitle=\"\"\n\t\t\t\tdata-src=\"https:\/\/mikheil-chikhladze.de\/wp-content\/gallery\/news1\/thumbnail-19.jpeg\"\n\t\t\t\tdata-thumbnail=\"https:\/\/mikheil-chikhladze.de\/wp-content\/gallery\/news1\/thumbs\/thumbs_thumbnail-19.jpeg\"\n\t\t\t\tdata-image-id=\"13\"\n\t\t\t\tdata-title=\"thumbnail-19\"\n\t\t\t\tdata-description=\"\"\n\t\t\t\tdata-image-slug=\"thumbnail-19\"\n\t\t\t\tclass=\"ngg-simplelightbox\" rel=\"f1fb669e1edc1c99fbbfc96ee4f796f9\">\n\t\t\t\t<img\n\t\t\t\t\ttitle=\"thumbnail-19\"\n\t\t\t\t\talt=\"thumbnail-19\"\n\t\t\t\t\tsrc=\"https:\/\/mikheil-chikhladze.de\/wp-content\/gallery\/news1\/thumbs\/thumbs_thumbnail-19.jpeg\"\n\t\t\t\t\twidth=\"240\"\n\t\t\t\t\theight=\"160\"\n\t\t\t\t\tstyle=\"max-width:100%;\"\n\t\t\t\t\/>\n\t\t\t<\/a>\n\t\t<\/div>\n\t\t\t\t\t\t\t<\/div> \n\t\t\t\n\t\t\t\t<div id=\"ngg-image-13\" class=\"ngg-gallery-thumbnail-box \n\t\t\t\t\t\t\t\tngg-4-columns\t\t\t\" \n\t\t\t>\n\t\t\t\t\t\t<div class=\"ngg-gallery-thumbnail\">\n\t\t\t<a href=\"https:\/\/mikheil-chikhladze.de\/wp-content\/gallery\/news1\/thumbnail-15.jpeg\"\n\t\t\t\ttitle=\"\"\n\t\t\t\tdata-src=\"https:\/\/mikheil-chikhladze.de\/wp-content\/gallery\/news1\/thumbnail-15.jpeg\"\n\t\t\t\tdata-thumbnail=\"https:\/\/mikheil-chikhladze.de\/wp-content\/gallery\/news1\/thumbs\/thumbs_thumbnail-15.jpeg\"\n\t\t\t\tdata-image-id=\"14\"\n\t\t\t\tdata-title=\"thumbnail-15\"\n\t\t\t\tdata-description=\"\"\n\t\t\t\tdata-image-slug=\"thumbnail-15\"\n\t\t\t\tclass=\"ngg-simplelightbox\" rel=\"f1fb669e1edc1c99fbbfc96ee4f796f9\">\n\t\t\t\t<img\n\t\t\t\t\ttitle=\"thumbnail-15\"\n\t\t\t\t\talt=\"thumbnail-15\"\n\t\t\t\t\tsrc=\"https:\/\/mikheil-chikhladze.de\/wp-content\/gallery\/news1\/thumbs\/thumbs_thumbnail-15.jpeg\"\n\t\t\t\t\twidth=\"240\"\n\t\t\t\t\theight=\"160\"\n\t\t\t\t\tstyle=\"max-width:100%;\"\n\t\t\t\t\/>\n\t\t\t<\/a>\n\t\t<\/div>\n\t\t\t\t\t\t\t<\/div> \n\t\t\t\n\t\t\t\t<div id=\"ngg-image-14\" class=\"ngg-gallery-thumbnail-box \n\t\t\t\t\t\t\t\tngg-4-columns\t\t\t\" \n\t\t\t>\n\t\t\t\t\t\t<div class=\"ngg-gallery-thumbnail\">\n\t\t\t<a href=\"https:\/\/mikheil-chikhladze.de\/wp-content\/gallery\/news1\/thumbnail-17.jpeg\"\n\t\t\t\ttitle=\"\"\n\t\t\t\tdata-src=\"https:\/\/mikheil-chikhladze.de\/wp-content\/gallery\/news1\/thumbnail-17.jpeg\"\n\t\t\t\tdata-thumbnail=\"https:\/\/mikheil-chikhladze.de\/wp-content\/gallery\/news1\/thumbs\/thumbs_thumbnail-17.jpeg\"\n\t\t\t\tdata-image-id=\"15\"\n\t\t\t\tdata-title=\"thumbnail-17\"\n\t\t\t\tdata-description=\"\"\n\t\t\t\tdata-image-slug=\"thumbnail-17\"\n\t\t\t\tclass=\"ngg-simplelightbox\" rel=\"f1fb669e1edc1c99fbbfc96ee4f796f9\">\n\t\t\t\t<img\n\t\t\t\t\ttitle=\"thumbnail-17\"\n\t\t\t\t\talt=\"thumbnail-17\"\n\t\t\t\t\tsrc=\"https:\/\/mikheil-chikhladze.de\/wp-content\/gallery\/news1\/thumbs\/thumbs_thumbnail-17.jpeg\"\n\t\t\t\t\twidth=\"240\"\n\t\t\t\t\theight=\"160\"\n\t\t\t\t\tstyle=\"max-width:100%;\"\n\t\t\t\t\/>\n\t\t\t<\/a>\n\t\t<\/div>\n\t\t\t\t\t\t\t<\/div> \n\t\t\t\n\t\t\t\t<div id=\"ngg-image-15\" class=\"ngg-gallery-thumbnail-box \n\t\t\t\t\t\t\t\tngg-4-columns\t\t\t\" \n\t\t\t>\n\t\t\t\t\t\t<div class=\"ngg-gallery-thumbnail\">\n\t\t\t<a href=\"https:\/\/mikheil-chikhladze.de\/wp-content\/gallery\/news1\/thumbnail-18.jpeg\"\n\t\t\t\ttitle=\"\"\n\t\t\t\tdata-src=\"https:\/\/mikheil-chikhladze.de\/wp-content\/gallery\/news1\/thumbnail-18.jpeg\"\n\t\t\t\tdata-thumbnail=\"https:\/\/mikheil-chikhladze.de\/wp-content\/gallery\/news1\/thumbs\/thumbs_thumbnail-18.jpeg\"\n\t\t\t\tdata-image-id=\"16\"\n\t\t\t\tdata-title=\"thumbnail-18\"\n\t\t\t\tdata-description=\"\"\n\t\t\t\tdata-image-slug=\"thumbnail-18\"\n\t\t\t\tclass=\"ngg-simplelightbox\" rel=\"f1fb669e1edc1c99fbbfc96ee4f796f9\">\n\t\t\t\t<img\n\t\t\t\t\ttitle=\"thumbnail-18\"\n\t\t\t\t\talt=\"thumbnail-18\"\n\t\t\t\t\tsrc=\"https:\/\/mikheil-chikhladze.de\/wp-content\/gallery\/news1\/thumbs\/thumbs_thumbnail-18.jpeg\"\n\t\t\t\t\twidth=\"240\"\n\t\t\t\t\theight=\"160\"\n\t\t\t\t\tstyle=\"max-width:100%;\"\n\t\t\t\t\/>\n\t\t\t<\/a>\n\t\t<\/div>\n\t\t\t\t\t\t\t<\/div> \n\t\t\t\n\t\n\t<br style=\"clear: both\" \/>\n\n\t\n\t\t<!-- Pagination -->\n\t\t<div class='ngg-clear'><\/div>\t<\/div>\n<div style=\"width: 750px;\" class=\"wp-video\"><video class=\"wp-video-shortcode\" id=\"video-20-1\" width=\"750\" height=\"422\" preload=\"metadata\" controls=\"controls\"><source type=\"video\/mp4\" src=\"https:\/\/mikheil-chikhladze.de\/wp-content\/uploads\/2021\/06\/webvideo1edit.mp4?_=1\" \/><a href=\"https:\/\/mikheil-chikhladze.de\/wp-content\/uploads\/2021\/06\/webvideo1edit.mp4\">https:\/\/mikheil-chikhladze.de\/wp-content\/uploads\/2021\/06\/webvideo1edit.mp4<\/a><\/video><\/div><\/p>\n","protected":false},"excerpt":{"rendered":"<p>Vorwort In den Arbeiten von Mikheil Chikhladze werden dem Betrachter die Sujets einmal mit deutlich figurativerer Formensprache und fl\u00e4chiger gestaltetem Bildraum pr\u00e4sentiert. Zum Anderen finden sich wieder fragmentarische Elemente in der malerischen Komposition. Muten \u201eBanale basics\u201c oder \u201e Mit Koffein \u201c auf den ersten Blick wie romantisierende Landschaftsdarstellungen an, sind die Personengruppen im Kontrast dazu &hellip; <\/p>\n","protected":false},"author":1,"featured_media":0,"parent":0,"menu_order":0,"comment_status":"closed","ping_status":"closed","template":"","meta":{"ngg_post_thumbnail":0,"_vp_format_video_url":"","_vp_image_focal_point":[],"footnotes":""},"class_list":["post-20","page","type-page","status-publish","hentry"],"_links":{"self":[{"href":"https:\/\/mikheil-chikhladze.de\/index.php?rest_route=\/wp\/v2\/pages\/20","targetHints":{"allow":["GET"]}}],"collection":[{"href":"https:\/\/mikheil-chikhladze.de\/index.php?rest_route=\/wp\/v2\/pages"}],"about":[{"href":"https:\/\/mikheil-chikhladze.de\/index.php?rest_route=\/wp\/v2\/types\/page"}],"author":[{"embeddable":true,"href":"https:\/\/mikheil-chikhladze.de\/index.php?rest_route=\/wp\/v2\/users\/1"}],"replies":[{"embeddable":true,"href":"https:\/\/mikheil-chikhladze.de\/index.php?rest_route=%2Fwp%2Fv2%2Fcomments&post=20"}],"version-history":[{"count":12,"href":"https:\/\/mikheil-chikhladze.de\/index.php?rest_route=\/wp\/v2\/pages\/20\/revisions"}],"predecessor-version":[{"id":493,"href":"https:\/\/mikheil-chikhladze.de\/index.php?rest_route=\/wp\/v2\/pages\/20\/revisions\/493"}],"wp:attachment":[{"href":"https:\/\/mikheil-chikhladze.de\/index.php?rest_route=%2Fwp%2Fv2%2Fmedia&parent=20"}],"curies":[{"name":"wp","href":"https:\/\/api.w.org\/{rel}","templated":true}]}}